{"id":9,"date":"2017-04-08T14:53:12","date_gmt":"2017-04-08T12:53:12","guid":{"rendered":"http:\/\/localhost\/wordpress\/triteam\/?page_id=9"},"modified":"2022-05-18T17:32:43","modified_gmt":"2022-05-18T15:32:43","slug":"ueber-uns","status":"publish","type":"page","link":"http:\/\/trizack.de\/triteam\/ueber-uns\/","title":{"rendered":"\u00dcber uns"},"content":{"rendered":"<div id=\"pl-9\"  class=\"panel-layout\" ><div id=\"pg-9-0\"  class=\"panel-grid panel-no-style\" ><div id=\"pgc-9-0-0\"  class=\"panel-grid-cell\" ><div id=\"panel-9-0-0-0\" class=\"so-panel widget widget_sow-editor panel-first-child\" data-index=\"0\" ><div\n\t\t\t\n\t\t\tclass=\"so-widget-sow-editor so-widget-sow-editor-base\"\n\t\t\t\n\t\t><h3 class=\"widget-title\">Steckdaten<\/h3>\n<div class=\"siteorigin-widget-tinymce textwidget\">\n\t<p><strong>Name<\/strong>: TriTeam triZack Rostock<\/p>\n<p><strong>gegr\u00fcndet<\/strong>: 2013<\/p>\n<p><strong>Liga:<\/strong> 2. Bundesliga Nord &amp; Regionalliga Nord<\/p>\n<\/div>\n<\/div><\/div><div id=\"panel-9-0-0-1\" class=\"so-panel widget widget_sow-editor\" data-index=\"1\" ><div\n\t\t\t\n\t\t\tclass=\"so-widget-sow-editor so-widget-sow-editor-base\"\n\t\t\t\n\t\t><h3 class=\"widget-title\">\u00dcber uns<\/h3>\n<div class=\"siteorigin-widget-tinymce textwidget\">\n\t<p>Unser Ziel ist es Sportlern aus unserem Bundesland Mecklenburg-Vorpommern eine sportliche Perspektive hier vor Ort zu bieten. Bisher wanderten viele talentierte Sportler in die s\u00fcdlichen Bundesl\u00e4nder ab \u2013 oft nur, weil es hier zu Hause kein Ligateam gab. Wir wollen mit dem Team diese L\u00fccke schlie\u00dfen. Unser Team besteht aus vielen (f\u00fcr Triathlon) jungen Sportlern, die in ihrer Jugend viele Erfahrungen im Deutschlandcup der Junioren und sp\u00e4ter in der 2. Bundesliga oder gar 1. Bundesliga gesammelt haben.<\/p>\n<p>Dieses Team wirkt als Bindeglied zwischen dem Leistungssport in der Jugend und dem m\u00f6glichen Sprung in den Profisport.\u00a0In unserem Team befinden sich, getreu unserem Motto: \u201cAus M-V, f\u00fcr M-V\u201d, Athleten aus ganz Mecklenburg-Vorpommern. Damit die Jugendlichen Erfahrungen sammeln k\u00f6nnen, geben wir ihnen immer wieder die Chance in der Liga von den \u00e4lteren Athleten zu lernen zu denen auch die absoluten Profitriathleten Michael Raelert, Andreas Raelert und\u00a0Markus Liebelt geh\u00f6ren.<\/p>\n<p>Nach nur einer Saison in der Regionalliga Nord konnten wir sofort den Norddeutschen Mannschaftsmeistertitel und damit gleichzeitig den Aufstieg in die 2. Bundesliga Nord sichern.<\/p>\n<\/div>\n<\/div><\/div><div id=\"panel-9-0-0-2\" class=\"so-panel widget widget_sow-editor panel-last-child\" data-index=\"2\" ><div\n\t\t\t\n\t\t\tclass=\"so-widget-sow-editor so-widget-sow-editor-base\"\n\t\t\t\n\t\t><h3 class=\"widget-title\">Unser Organisationsteam<\/h3>\n<div class=\"siteorigin-widget-tinymce textwidget\">\n\t<p><b>Teamchef<\/b><\/p>\n<p>Lukas Schn\u00f6dewind\u00a0\/\/ lukas.schnoedewind@trizack.de<\/p>\n<p><b>stellvertretender Teamchef &amp; Website<\/b><\/p>\n<p>Dennis Weu \/\/ dennis.weu@trizack.de<\/p>\n<p>\u00a0<\/p>\n<\/div>\n<\/div><\/div><\/div><\/div><\/div>","protected":false},"excerpt":{"rendered":"<p>Name: TriTeam triZack Rostockgegr\u00fcndet: 2013Liga: 2. Bundesliga Nord &amp; Regionalliga Nord Unser Ziel ist es Sportlern aus unserem Bundesland Mecklenburg-Vorpommern eine sportliche Perspektive hier vor Ort zu bieten. Bisher wanderten viele talentierte Sportler in die s\u00fcdlichen Bundesl\u00e4nder ab \u2013 oft nur, weil es hier zu Hause kein Ligateam gab. Wir wollen mit dem Team diese [&hellip;]<\/p>\n","protected":false},"author":1,"featured_media":128,"parent":0,"menu_order":0,"comment_status":"closed","ping_status":"closed","template":"","meta":[],"_links":{"self":[{"href":"http:\/\/trizack.de\/triteam\/wp-json\/wp\/v2\/pages\/9"}],"collection":[{"href":"http:\/\/trizack.de\/triteam\/wp-json\/wp\/v2\/pages"}],"about":[{"href":"http:\/\/trizack.de\/triteam\/wp-json\/wp\/v2\/types\/page"}],"author":[{"embeddable":true,"href":"http:\/\/trizack.de\/triteam\/wp-json\/wp\/v2\/users\/1"}],"replies":[{"embeddable":true,"href":"http:\/\/trizack.de\/triteam\/wp-json\/wp\/v2\/comments?post=9"}],"version-history":[{"count":9,"href":"http:\/\/trizack.de\/triteam\/wp-json\/wp\/v2\/pages\/9\/revisions"}],"predecessor-version":[{"id":476,"href":"http:\/\/trizack.de\/triteam\/wp-json\/wp\/v2\/pages\/9\/revisions\/476"}],"wp:featuredmedia":[{"embeddable":true,"href":"http:\/\/trizack.de\/triteam\/wp-json\/wp\/v2\/media\/128"}],"wp:attachment":[{"href":"http:\/\/trizack.de\/triteam\/wp-json\/wp\/v2\/media?parent=9"}],"curies":[{"name":"wp","href":"https:\/\/api.w.org\/{rel}","templated":true}]}}

Über uns

<div id="pl-9"  class="panel-layout" ><div id="pg-9-0"  class="panel-grid panel-no-style" ><div id="pgc-9-0-0"  class="panel-grid-cell" ><div id="panel-9-0-0-0" class="so-panel widget widget_sow-editor panel-first-child" data-index="0" ><div
			
			class="so-widget-sow-editor so-widget-sow-editor-base"
			
		><h3 class="widget-title">Steckdaten</h3>
<div class="siteorigin-widget-tinymce textwidget">
	<p><strong>Name</strong>: TriTeam triZack Rostock</p>
<p><strong>gegründet</strong>: 2013</p>
<p><strong>Liga:</strong> 2. Bundesliga Nord &amp; Regionalliga Nord</p>
</div>
</div></div><div id="panel-9-0-0-1" class="so-panel widget widget_sow-editor" data-index="1" ><div
			
			class="so-widget-sow-editor so-widget-sow-editor-base"
			
		><h3 class="widget-title">Über uns</h3>
<div class="siteorigin-widget-tinymce textwidget">
	<p>Unser Ziel ist es Sportlern aus unserem Bundesland Mecklenburg-Vorpommern eine sportliche Perspektive hier vor Ort zu bieten. Bisher wanderten viele talentierte Sportler in die südlichen Bundesländer ab – oft nur, weil es hier zu Hause kein Ligateam gab. Wir wollen mit dem Team diese Lücke schließen. Unser Team besteht aus vielen (für Triathlon) jungen Sportlern, die in ihrer Jugend viele Erfahrungen im Deutschlandcup der Junioren und später in der 2. Bundesliga oder gar 1. Bundesliga gesammelt haben.</p>
<p>Dieses Team wirkt als Bindeglied zwischen dem Leistungssport in der Jugend und dem möglichen Sprung in den Profisport. In unserem Team befinden sich, getreu unserem Motto: “Aus M-V, für M-V”, Athleten aus ganz Mecklenburg-Vorpommern. Damit die Jugendlichen Erfahrungen sammeln können, geben wir ihnen immer wieder die Chance in der Liga von den älteren Athleten zu lernen zu denen auch die absoluten Profitriathleten Michael Raelert, Andreas Raelert und Markus Liebelt gehören.</p>
<p>Nach nur einer Saison in der Regionalliga Nord konnten wir sofort den Norddeutschen Mannschaftsmeistertitel und damit gleichzeitig den Aufstieg in die 2. Bundesliga Nord sichern.</p>
</div>
</div></div><div id="panel-9-0-0-2" class="so-panel widget widget_sow-editor panel-last-child" data-index="2" ><div
			
			class="so-widget-sow-editor so-widget-sow-editor-base"
			
		><h3 class="widget-title">Unser Organisationsteam</h3>
<div class="siteorigin-widget-tinymce textwidget">
	<p><b>Teamchef</b></p>
<p>Lukas Schnödewind // lukas.schnoedewind@trizack.de</p>
<p><b>stellvertretender Teamchef &amp; Website</b></p>
<p>Dennis Weu // dennis.weu@trizack.de</p>
<p> </p>
</div>
</div></div></div></div></div>

<p>Name: TriTeam triZack Rostockgegründet: 2013Liga: 2. Bundesliga Nord &amp; Regionalliga Nord Unser Ziel ist es Sportlern aus unserem Bundesland Mecklenburg-Vorpommern eine sportliche Perspektive hier vor Ort zu bieten. Bisher wanderten viele talentierte Sportler in die südlichen Bundesländer ab – oft nur, weil es hier zu Hause kein Ligateam gab. Wir wollen mit dem Team diese [&hellip;]</p>
